t u be (1 - (2 - -13)) + -1. Let n = f - u. What is the units digit of n?
6
Let j be (22/(-8))/(5/(-20)). Let w = -5 + j. What is the units digit of w?
6
Let s(v) = 4*v**3 - v**2. Let j = 7 - 6. What is the units digit of s(j)?
3
Let m(j) = j**3 + 5*j**2 + j - 3. Suppose 15 = -4*d - 5*p, 0 = d + 3*d - 3*p - 9. Let k = -4 - d. What is the units digit of m(k)?
9
Let q be 2/(-11) - (-444)/22. Let r = 53 - q. What is the units digit of r?
3
Suppose 4*y - 280 - 128 = 0. What is the units digit of y?
2
Let w(l) = l**2 - 8*l - 5. What is the units digit of w(9)?
4
Suppose 3*u - x = 2*x + 390, 3*u + 2*x = 385. What is the hundreds digit of u?
1
Let g(l) = 6*l - 6. Let p be g(4). Suppose 0 = t - 4*t - p. Let x = 10 + t. What is the units digit of x?
4
Let v = -146 - -271. Suppose 4*w - v = -9. What is the tens digit of w?
2
Suppose 2*c - 4*c = -14. Let b = -4 + c. Suppose -8*w + 3*w - b*h = -33, -4*w - 4*h = -20. What is the units digit of w?
9
Let z(i) = -15*i + 1. Let m be z(-2). Let b(w) = -w**3 - 5*w**2 + 3*w + 4. Let k be b(-6). Let j = m - k. What is the units digit of j?
9
Suppose -8*m - 5 = -3*m. What is the tens digit of (-6 - -7) + (14 - m)?
1
Suppose 0 = 7*z - 5*z - 10. Suppose -3*l - 2 = -h + 12, -h - z*l = -22. What is the tens digit of h?
1
Let j(m) = m**3 - 5*m**2 - 5*m - 5. Let n be j(6). What is the units digit of ((-14)/(-8))/(n/4)?
7
Let t(q) = q + 4. Let u(l) = l + 3. Let v(h) = -4*t(h) + 5*u(h). What is the units digit of v(3)?
2
Let k be 6*(-1)/(-6)*3. Let i = -1 + k. Suppose 5*r - 3*n - 115 = 0, i*r - 46 = n + 3*n. What is the units digit of r?
3
What is the units digit of (-139)/(-2) - (-4)/8?
0
Let c be 3/((-6)/2) - -12. Suppose -r - 5*u - c = -3, 5*r - 3*u - 16 = 0. Suppose -3*m - 25 = -r*s, 0 = -2*s + 2*m + 3*m + 23. What is the units digit of s?
4
Let o(a) = 8*a + a**2 - 2 - 7 - 2*a**2. Let w be o(6). What is the units digit of 1/w - (-22)/6?
4
Let n(a) be the first derivative of a**4/4 + 4*a**3/3 + 3*a**2/2 + a + 1. Let r be n(-2). What is the units digit of 26/r - 2/(-6)?
9
Suppose -d - v + 23 = 0, 2*v + 89 = 5*d + 9. What is the units digit of d?
8
Let x = 122 - 40. What is the tens digit of x?
8
Let m be (-326)/(-4) + 5/10. Let d = 124 - m. What is the tens digit of d?
4
Let j be (-4)/((-2 + 4)/2). Let w(n) = n + 3. Let l be w(j). What is the units digit of l/((-9)/(-6))*-3?
2
Let d(t) = t - 5. Let k be d(4). What is the tens digit of 30*2/(-3)*k?
2
Let w = -3 - -7. Let c = w + -3. Let h = c + 12. What is the units digit of h?
3
Let s be (-81)/(-6) - (-4)/8. Let d = 31 - s. What is the units digit of d?
7
Suppose 4*n = 113 + 307. What is the units digit of n?
5
Let x = 21 - 47. What is the units digit of 2*(x/(-4) - 2)?
9
What is the units digit of (-96 + 0)/(-3) - 0?
2
Suppose 2*g = -5*k + 19, -2*g = -3*g - 3. Suppose -o + 8 = w, 0*w + k*w - 24 = 3*o. What is the units digit of w?
6
Suppose 0*i = i - 5. Suppose 4*p = 4*s - 0*s - 8, 3*p = 2*s - i. What is the units digit of s?
1
Suppose 2 = -c + 3, -3*o = -3*c + 3. Suppose 3*w - 2*w - 6 = o. Let f = 14 - w. What is the units digit of f?
8
Let d = 52 - 41. What is the units digit of d?
1
Let s = -12 - -22. What is the units digit of 19/2 - (-5)/s?
0
Let z = -227 - -418. What is the tens digit of z?
9
Let u(z) = -4*z + z - 7 + z. What is the tens digit of u(-9)?
1
Let q = 9 - -1. What is the units digit of (q/15)/(1/15)?
0
What is the units digit of 0 - (-4 - 3)/1?
7
Let z = -43 - -77. What is the tens digit of z?
3
Let p = -40 + 63. What is the tens digit of p?
2
Suppose 0 = -27*v + 22*v + 5. What is the units digit of v?
1
Suppose 10 = 5*q - 0*q. Suppose 3*k + 2*n - 3 = 5, -4*k = -q*n + 8. What is the units digit of k/1 + (2 - -1)?
3
Let u be (0 - 1) + 24/3. Let n be u + (-2 - 2)/(-2). Let v = 13 - n. What is the units digit of v?
4
Let z(u) be the first derivative of -u**4/24 + 5*u**3/6 + u**2 - 2. Let p(y) be the second derivative of z(y). What is the tens digit of p(-5)?
1
Suppose -2*r + 6*r - 8 = 0. Let b be 9*1*8/(-6). Let d = r - b. What is the tens digit of d?
1
Let c(j) = -2*j**3 - 8*j**2 - 9*j + 5. What is the tens digit of c(-4)?
4
Let b(r) = r**3 - 6*r**2 + 6*r + 4. What is the units digit of b(5)?
9
Let g(f) be the third derivative of -f**5/60 + 11*f**4/24 + 13*f**3/6 + 5*f**2. What is the units digit of g(10)?
3
Suppose 0 = o + o - 5*h - 61, 2*o = -5*h + 31. Suppose 5*x - 4*x + 15 = 0. Let k = x + o. What is the units digit of k?
8
What is the tens digit of (12 + 1 + 0)*7?
9
Let y = -3 - -6. What is the units digit of 20/y*18/15?
8
Suppose 0*z - 2*a = -5*z + 66, 0 = -3*z + 5*a + 51. Let b = z - 8. What is the units digit of b?
4
Let w(q) = -7*q**2 - q - 3. Let g(i) = -8*i**2 - i - 2. Let r(t) = -4*g(t) + 3*w(t). Let b be (-1 + 0)*(2 - 3). What is the units digit of r(b)?
1
Suppose 0 = -2*l - l + 18. Suppose l = 5*r - 9. Let q = 1 + r. What is the units digit of q?
4
Let v(x) = x**2 - 2*x + 1. Let z be v(1). Suppose -2*h - h + 36 = z. What is the units digit of h?
2
Let f be (-1)/1 + -11 + 1. Let w(q) = -q**2 - 11*q + 5. What is the units digit of w(f)?
5
Suppose -38 = -4*j - 2*b, 0*j + 5*b = -j + 5. Suppose -j*c = -8*c - 82. What is the units digit of c?
1
What is the tens digit of (-8)/(-20) + ((-1854)/15)/(-6)?
2
Let j be -1 - (-5 + (-1 - -1)). Suppose i = -2*c - i + 4, 16 = 4*c + 2*i. Suppose -c = -j*q + q. What is the units digit of q?
2
Let g(y) = 9*y**2 + 2*y - 1. Suppose 0*p = p. Let t = p - -1. What is the units digit of g(t)?
0
What is the units digit of 2/(-9) + 762/27?
8
Let x = -113 + 167. What is the units digit of x?
4
Let a be 2 - 5/(5/2). Suppose a = -4*k + 5*k - 3. Suppose k*p = -g + 11, -p - 4*g = 3*p - 20. What is the units digit of p?
3
Let b be 5*(-1 + 3 + -3). Let j = 14 + b. What is the units digit of j?
9
Suppose -2*i + 7*w = 2*w - 33, -5*w - 25 = 0. Suppose n - i = -8. Let t = 7 + n. What is the units digit of t?
3
Suppose 2*z + 2*k = -4, 6*z - 6 = 3*z + 3*k. Suppose z*i + 4*x + 14 = 2*i, -x + 1 = 4*i. What is the units digit of 5*(i/(-5) + 2)?
9
Let f(l) = 9*l + 3. Let t be f(-2). What is the units digit of t/(-9) + (-2)/3?
1
Let g = -14 + 26. Let b(q) = -q**2 + 14*q - 17. What is the units digit of b(g)?
7
Suppose -4*y = 5*j + 82, -31 = 4*y - 5*j + 31. Let a be (-61)/(-9) + (-4)/y. Suppose 2*w - a*w = -20. What is the units digit of w?
4
Suppose -5*u + 4*u = 3*x - 39, 5*u + 71 = 4*x. What is the units digit of x?
4
Let g(d) = -8*d + 1. What is the units digit of g(-5)?
1
Let p(v) = v**2 + 5*v - 11. What is the tens digit of p(-9)?
2
Let h = 5 + -2. Let s be 8*h*(-3)/(-4). What is the units digit of (-183)/(-27) - (-4)/s?
7
Suppose -3*w = 3*u, -3*u + 7 = 4*w + 3. Suppose -o = w*o - 85. What is the tens digit of o?
1
Let g(c) = -2*c**3 + c**2 + c. Let m be g(-1). Suppose m*x - x = 53. Suppose 0 = -5*h - 3*p + x, -5*h - 4*p + 55 = p. What is the units digit of h?
0
Suppose 12*m = 9*m + 135. What is the units digit of m?
5
Suppose -y + 6 = -3*h, -2*y = -3*h - 0 - 9. Suppose 0 = -a - y*b + 51, 2*a + 3*b = -0*a + 93. What is the units digit of a?
2
Suppose 4*v = 2*f + 14, -13 = -2*v - 0*f + 3*f. Suppose -4*q + 16 = 0, v*t - 4*q + 1 = 7. What is the tens digit of t?
1
Let p(r) = -5*r + 11. What is the units digit of p(-5)?
6
Let r = -15 - -6. Let a = r - -21. What is the units digit of a?
2
Let i = -11 - -22. Let y = i + 3. What is the units digit of y?
4
Suppose 2*n = 2*f + 1 + 53, -4*f + 90 = 5*n. Suppose n = p + p. What is the tens digit of p?
1
Suppose 176 = 3*o - y, -3*o - 5*y + 241 = o. What is the units digit of o?
9
Let k = 23 - -6. What is the tens digit of k?
2
Let s be (-2 - 16/(-6))*6. Suppose 7*m - s*m - 3 = 0. What is the units digit of m/((-1 - -2)/7)?
7
Let o = 20 - -9. What is the units digit of o?
9
Let l(u) be the third derivative of u**4/24 + 3*u**3/2 - 3*u**2. Let f be l(-5). Suppose 3*g + 23 = 5*x, 2*g = -f*x - x + 43. What is the units digit of x?
7
Suppose -i + 18 = i. Let k = 17 - i. What is the units digit of k?
8
Let a = -28 - -47. Let b = -2 + 6. Suppose -b*r - a = -2*i + r, 3*r + 57 = 5*i. What is the tens digit of i?
1
Let y(i) = 2*i**2 + 9*i - 6. What is the tens digit of y(-7)?
2
Let l(d) = -d**3 + 7*d**2 - 7*d + 8. Let t be l(6). Suppose 100 = 6*b - t*b. What is the units digit of b?
5
Let r = -67 - -